9) - (31 - 26) - (0 - 83)?
79
1 + (-20 + -1 + (17 - (-6 - -23)) - -8)
-12
What is (19 - -1) + 3 + 0 + -8?
15
Evaluate -2 - -15 - (-751 + 712 - (-1 - 10)).
41
1 - (-55 + 24 - -23) - 11
-2
Calculate -1 + 9 + 22 + -21 + (-47 - -22 - 16).
-32
What is -107 + (-83 - -142 - -46)?
-2
41 + 5 + -4 + -33 - 68
-59
What is the value of 63 - ((11 - 18) + 4) - -4?
70
Evaluate 1 + 28 - (-25 - -5 - -7).
42
Evaluate (0 - 3 - 22) + (-359 - -371) - 15.
-28
What is (3 - -2 - (122 - 108)) + 58?
49
Calculate (-25 - (-26 - -34)) + -1 + -22.
-56
What is the value of (30 - 1) + -2 - (3892 + -3901)?
36
Evaluate (-27 - (-7 - -2)) + (355 - 332).
1
What is the value of (-24 - (13 + -36 + 7)) + -63 + -1?
-72
Calculate (-12 - 0) + (48 + -86 - -47) - -31.
28
What is the value of -96 + (57 - (-87 + -65))?
113
What is (-91 - (62 + -79)) + -41?
-115
Evaluate -18 - (17 - 25 - -20 - 9).
-21
Evaluate (8 - (-7 + 3)) + -29 + 2 + 88.
73
-3 - 13 - (-8 - -7) - (-20 + -3)
8
Calculate -154 + 141 + (-35 + 30 - (2 - (-2 - 0))).
-22
Calculate -3 + 243 + -34 + -118.
88
Calculate (36 - 4 - 19) + -18 + 3 + -5.
-7
Evaluate (-62 + 9 - -62) + (-9 - (0 + 1)).
-1
Calculate 1 - 14 - -2 - (-126 - -58 - -79).
-22
What is the value of -36 + (2 - 0 - (-12 - 133))?
111
What is the value of (1 - (2 + 9)) + (-17 - (-21 - -9)) + 59?
44
What is the value of 40 - (-17 + (25 - -79)) - -6?
-41
What is the value of 17 - (-44 + -11) - (-20 + 3 + 0)?
89
(-88 - (3 + -21)) + 33 + -28
-65
What is the value of -49 + (59 + -60 - 9 - (-10 - (0 - 1)))?
-50
Evaluate 2271 - 2265 - (20 - (-2 + 0)).
-16
Calculate 68 + (38 - 118) - (-26 + -1 + 0).
15
What is the value of 43 - ((-34 - 21) + 94) - (-3 - 0 - 22)?
29
4 + 92 + -23 + -36
37
Calculate (33 + 1 - 24) + -23 + 8.
-5
What is 8 + 79 + -95 + 80?
72
Evaluate -21 + -1 + -29 + 27.
-24
What is -52 + ((22 - 19) + 6 - 1)?
-44
30 + (31 + -4 - 43) - (-1 + -3)
18
Calculate -118 + (22 - 9) + 192.
87
Evaluate 22 + 62 + -94 + 64.
54
Evaluate -3 - (-103 - (5 + -57)).
48
(-702 - -665) + (-4 - -1 - (2 - 3))
-39
Evaluate -2 + -1 + (-25 - (-29 - -17)) + -22.
-38
What is -2 - (-211 - -222 - (-1 + 63 + 1))?
50
Calculate 4 - (26 - (1 - (-4 + 23))).
-40
Evaluate 1 + -2 + (-31 - -35 - -17) + (-39 - -4).
-15
56 + -61 + -84 + 48
-41
What is the value of -37 + (2 - -2) + (70 - 46)?
-9
Calculate -16 + 9 + 12 - (-7 - (-17 + 3)).
-2
What is the value of 5 - 5 - (-11 + -1 + (-10 - 11))?
33
-7 + (-2 + -64 - -27) + -13
-59
What is 40 - ((-32 - -16 - -13) + (0 - 12))?
55
Evaluate -54 + -1 + (-361 + 185 - -210).
-21
What is the value of -7 - ((18 - 11 - 9) + (-5 - 17))?
17
Evaluate (75 - 110) + 11 - -27.
3
What is the value of -20 + -33 + 41 + 3 + -7 + 11?
-5
-25 - (40 + -60 - 73)
68
What is (-5 - -20) + 23 - (-3 - (-8 + -1 - 1))?
31
Calculate -17 + -1 + -8 - 22.
-48
Calculate -19 + 27 + -136 - ((-6 - (-6 - -3)) + 12).
-137
Calculate 98 - (-27 + 83) - 22.
20
Evaluate -14 + (-1 + (-11 - (-10 - -11)) - 3).
-30
What is -60 - ((6 - (7 - -6) - 5) + -6)?
-42
Evaluate 16 + (104 - 55) + -45.
20
What is the value of 35 - -4 - (-27 + 16) - 8?
42
3 + 53 + (-738 - -698)
16
Calculate -43 + -3 - (-76 + 163 - 27).
-106
64 + 13 + -93 + -54
-70
What is -13 - (10 + (-19 - 1)) - ((6 - -5) + -91)?
77
Calculate 2 + (-6 - 0) + -1 + 3 + 4899 + -4827.
70
What is the value of 9 + 8 + -14 + -10 + -4 + (-4 - -13)?
-2
What is -3 + (-34 - -1) + (2814 - 2802)?
-24
What is the value of 74 + -56 + (0 - 7) - -40?
51
Evaluate (4 - -4) + (108 - 179 - -167).
104
What is the value of (-42 - (-55 + 12)) + -3 + (3 - 4)?
-3
What is the value of 21 + -108 - (5 - (8 - -4 - 5))?
-85
What is the value of -8 + -1 - (-108 + 54) - ((-13 - -2) + 0)?
56
Evaluate 13 - (5 - (-3 - 12)) - (-3 - (24 + 1)).
21
Evaluate -23 + -36 + 27 - (-16 + 13).
-29
What is the value of -15 - (-78 + -13 + (28 - 42))?
90
10 + -19 + 20 - (-21 + 3) - (-8 + 2)
35
What is the value of 2299 + -2289 - (-1 + 15) - -19?
15
What is the value of 86 + -24 + -45 - (-1 + 3 - 1)?
16
What is the value of (-3 - -66) + -11 + (15 - 16) + 2?
53
-4 + -74 + 2 + (4 + 1 - (-9 - -7))
-69
Calculate 37 + -12 + 10 + 7 + -4 - 11.
27
What is the value of -17 - (-35 + 20) - -2 - 5?
-5
-120 + 116 + (10 - -12)
18
What is (3 - (47 + (4 - -2))) + -6 + (71 - 83)?
-68
1 + 109 + 2 + 3 + (84 - 93) - -12
118
Calculate 18 + -7 - -47 - 55.
3
What is (6 + (-15 - -28) - (42 - 31)) + (0 - -67)?
75
What is the value of 2662 + -2606 - (0 - -88)?
-32
Evaluate -246 + 240 - (-2 - (-9 + 3) - -39).
-49
Calculate 13 + (-43 - (25 + -23 + 3 + 9)).
-44
What is -80 - (-10 - 15 - (-5 - (-6 - -10)))?
-64
Calculate -5 + (15 - 2 - (24 - 10)) + 12.
6
What is the value of 18 + 21 - 30 - (-3 - 4)?
16
Calculate 24 - (-12 + (89 + -30 - 6)) - (12 + 0).
-29
Evaluate 56 + (-38 - -32 - 8).
42
What is (2 - ((-12 - -9) + 6)) + -9 + 19?
9
Evaluate 30 - (18 + 1 + -3 + -5 + -27 + 4).
42
What is the value of 31 + 72 + 27 + -57 + -6?
67
Evaluate 1 - (5 - -1) - (5098 + -5072).
-31
What is 50 + (6 + (3 - -8) - 12) + -17?
38
Evaluate -4823 + 4862 + (8 - -1).
48
9 - (-33 - (-34 - 43))
-35
What is 26 - (58 + -93 + 60)?
1
Evaluate (3 - (87 - 137)) + -85.
-32
Evaluate -6 + 9 - (-22 + 1 - (-89 - -1)).
-64
Evaluate 14 + (40 + 0 - (455 - 447)).
46
Evaluate -67 - ((-2 + 0 - -3) + -633 + 642).
-77
What is the value of (-5 - 0 - (-29 - -17)) + 526 + -628?
-95
What is (9 + (13 - 23) - 13) + -18?
-32
Calculate (15 - 23) + 12 - -38 - (-4 - -1).
45
Evaluate (-29609 - -29486) + -1 + 225.
101
Calculate -4 + (1649 + -1630 - (-15 + -1)).
31
What is the value of (-4 - 0 - -2 - -7) + 2 - (-452 + 390)?
69
Evaluate -25 + (-3 - 0) + (-50 - (-27 - 37)).
-14
Calculate 12 - (39 - (-11 - (-14 - 3))).
-21
What is the value of -12 + 22 + (-5 - -17)?
22
1 + -3 + -15 + 8 + 4 - (-46 + 80)
-39
Calculate (-1 - (31 - -5) - (39 - 22)) + -3.
-57
What is -23 + (1 + (-28 - -31) - (-1 + 12))?
-30
What is the value of -5 + -83 - (-402 + 307)?
7
Calculate 79 + -25 - (-11 + (6 - (0 + -2))).
57
What is the value of -5 + 11 + 30 + -29 - 44?
-37
Evaluate -534 - (-86 + -509) - (1 - 2 - -2).
60
Calculate (-36 + 142 - 37) + -7.
62
Calculate 4 + (14 + -4 + -13 - 57) + 12.
-44
Calculate 156 - 174 - (0 + 82).
-100
Evaluate -135 + 115 - (-11 + -2) - ((1 - 0) + 11).
-19
-131 - -142 - (22 + (-7 - (-1 + -3)))
-8
-46 + (-22 - (-27 - 29) - 12)
-24
Calculate -34 - -34 - ((24 - 7) + 117 - 2).
-132
What is -1 + (4 - -118) + -13 + 103 + -98?
113
What is (-1 - 78) + 1 + (-62916 - -62938)?
-56
Calculate -3 + -1 - (41 + -35 + -6 + (61 - 0)).
-65
What is 19 + (-29 - 43) + 54?
1
0 - (-10 + -82 + 51 + (-3 - -8))
36
What is the value of 15 - (29 - 14 - -39)?
-39
Evaluate (-80 - -58 - -4) + -39.
-57
34 - (25 + -10 + 1) - (-6 - -2)
22
Evaluate -43 - (-34 + 25 + 4).
-38
Calculate (52 - (-12 + 2)) + -48 + (-9 - (2 - 1)).
4
What is 72 - (-16 - -33) - 10?
45
Calculate (-1 - 13) + (8 - (-42 - -51)).
-15
What is 7 - ((38 - 20 - (2 - -8) - -3) + 1)?
-5
What is -563 + 628 + (-18 - (-10 + 4))?
53
Calculate (14 - (-12 - -26)) + 10 - -19.
29
What is the value of -25 + (-23 - (-1 - 15 - 32))?
0
What is 10 + (-40 - -24 - 18)?
-24
Evaluate -93 + 0 + -5 + (-4 - 5) + 32.
-75
Calculate -5 - (36 - (5 + (-6 - -1) + -5)).
-46
What is 1 + -37 + 4 + (10 - 2) + -10?
-34
What is the value of 14 - 6 - (-48 + 7 + (-11 - (-17 - -9)))?
52
Calculate 14 - 1 - -5 - ((50 - 103) + -55).
126
What is (2 + -5 + -15 - 22) + 6?
-34
Calculate 1 - 46 - (8364 - 8340).
-69
Calculate -21 + (-26 - ((17 - 37) + -2)).
-25
What is 1 + (-44 - (-3 + 4 - 0 - (-113 + 123)))?
-34
Evaluate (15 - 5 - -5) + 248 + -247.
16
Evaluate 24 - (60 + 12) - (-6 - 6).
-36
31 - -10 - (102 + -78)
17
Calculate (-20 - -9) + 5 + -10 + 0 + 30.
14
What is the value of -13 + 96 + 7 + (-35 - -42) + 1 + -9?
89
Evaluate -149 + -3 + 96 + 170.
114
What is (-5 - -30) + (502 - 555)?
-28
(9 + (9 - -6) + -17 - -11) + -26
-8
Calculate (-35 - -13 - -15) + (-34 + 1 - (2 + -3)).
-39
Calculate -108 - (1940 + -1939 + (3 - (-3 + -12))).
-127
8 - (-8 + (10 - 7) + 18) - 23
-28
Evaluate 2 - (1 + -27 - (153 - 178 - (0 - 27))).
30
What is the value of -239 + 229 + -3 + (3 - -5 - -4)?
-1
What is the value of (18 - 34) + 28 + (1 - -1) + -7?
7
(8 + -4 - 6) + (-12 - (-11 - 7) - 56)
-52
Evaluate (-10 - 14) + (20 - 23) + 72.
45
-2 - (14 + (-87 - -54))
17
2 + -6 + 2 + 13 - (52 + -58 + 76)
-59
Calculate 1 + (-18 - (-48